 the units digit of t?
6
Suppose -34 = -4*x + 18. Let m(a) = 2*a + 33. Let t be m(x). Suppose 368 + t = 7*c. What is the units digit of c?
1
Let u be (-7)/7 - (-2 - -4 - -1). Let j be 6/u - (-247)/26. What is the tens digit of (-1 + -1)/(j/(-232))?
5
Let r = -61 - -77. Let j be (r - 14) + (1 - -193). Suppose 5*x - 178 = -3*t - 31, x + j = 4*t. What is the tens digit of t?
4
Suppose -4*t - 12 = -3*s - 9*t, 0 = -5*t. What is the hundreds digit of (-608)/(-6) - (-1)/(6/s)?
1
Let q(u) be the second derivative of 5*u**3/6 + 8*u**2 - 3*u. Suppose 8 = -x + 4*v, 5*x + 12 = 7*x - v. What is the tens digit of q(x)?
5
Let u(v) = -v**2 - 6*v + 7. Let j be u(-7). Let d be (-8)/(-20) - (j + 231/15). What is the units digit of (5/d)/((-2865)/954 - -3)?
6
Let k(v) = -v**3 + 10*v**2 + 4*v - 15. Let u be k(10). Suppose u*y = 28*y - 2682. What is the hundreds digit of y?
8
Suppose -280*d + 9665566 - 2464806 = 0. What is the hundreds digit of d?
7
Let y(w) = w**3 + 16*w**2 + 19*w - 22. Let p be y(-14). Suppose -111*i + p*i + 917 = 0. What is the hundreds digit of i?
1
What is the tens digit of ((-288)/(-11 - -19))/(1 + (-251)/249)?
8
Suppose 23084 = 39*q - 38*q - 4*b, 0 = 3*q + 3*b - 69252. What is the hundreds digit of q?
0
Suppose 5*f + 2*p - 11 = 0, 2*p + 0 = -f - 1. Let h(i) = -4 + f*i**2 + 16 + 14 - 4*i + 15*i. What is the units digit of h(-7)?
6
Let y(x) = -24*x - 13. Let w(r) = r**2 - 13*r - 6. Let p be w(13). Let z(j) = -47*j - 25. Let k(l) = p*z(l) + 11*y(l). What is the units digit of k(4)?
9
Let x(r) be the first derivative of -3*r**2/2 - 101*r - 21. What is the tens digit of x(-58)?
7
Suppose 39*b = 37*b - 380. Let a = -120 - b. What is the tens digit of a?
7
What is the thousands digit of 10793250/200 - (-6)/(-24)?
3
Let s(h) = -1304*h - 78. What is the tens digit of s(-3)?
3
Let b = 197271 - 120415. What is the hundreds digit of b?
8
Let n(j) = -j**3 + 25*j**2 + 8*j + 58. Let i be n(25). Let a = -208 + i. What is the units digit of a?
0
Suppose -516*c - 101736 = -4*v - 514*c, 0 = 2*v + 4*c - 50888. What is the tens digit of v?
3
Let l(r) = -559*r + 8. Let m(v) = 1675*v - 24. Let x(f) = 11*l(f) + 4*m(f). Let b be x(1). Suppose -9*a + b = -1176. What is the units digit of a?
1
Suppose x - 5*n - 24 = 0, -5*n + 6 = 3*x - 26. Let c(b) be the third derivative of b**5/60 - 5*b**4/12 + 5*b**3/6 - 489*b**2. What is the units digit of c(x)?
1
What is the hundreds digit of (-120)/100*11065*(20/12)/(-5)?
4
Suppose -5*g + 4*g + 3*t = -351, 4*t = 4. Let m be (-9)/21 - g/(-42). Suppose -20 = -4*u - m. What is the units digit of u?
3
Let q(c) be the third derivative of c**6/120 - c**4/8 + 6*c**3 - 27*c**2. What is the units digit of q(7)?
8
Let h = -26 + -339. Let q = -14 - h. What is the tens digit of q?
5
What is the hundreds digit of 1487963/29 - (4/114 - (-4984)/147117)?
3
Let f(z) = -420 + 32*z + 353 - 7*z. What is the tens digit of f(30)?
8
Let j = 40200 - 34434. What is the units digit of j?
6
Let b(y) = y**2 + 7*y - 26. Let h be b(3). Suppose h*z - 2557 = -i, -z + 4*z - 1934 = -4*i. What is the tens digit of z?
3
Let t(p) = -20*p + 20. Let w be t(2). What is the hundreds digit of (w/(-50))/(17456/(-5820) - -3)?
5
Let q = -313 + 312. What is the hundreds digit of (-9*9/(-162))/(q/(-1458))?
7
Let f(g) = 28*g**3 + 22*g**2 - 22*g - 15. What is the units digit of f(8)?
3
Suppose -337 = -19*n + 366. Let d = n + 11. Let s = d - -28. What is the units digit of s?
6
Let b(n) = 73*n**2 - n + 2. Let j(u) = -u**2 + 32*u - 59. Let w be j(30). What is the units digit of b(w)?
4
Suppose -5180 = -11*h + 8647. Suppose 4*w - h = 3*p, -w = -2*p - 0*p - 308. What is the tens digit of w?
1
Let m(i) = 18*i - 51. Let x be m(3). Suppose -x*c + 2053 = 706. What is the hundreds digit of c?
4
Let k(a) = 50*a - 67. Let z be k(11). Suppose 3*h - 72 = z. What is the units digit of h?
5
Suppose 2*j - 2*r = 4, 0*r + 3*r = 6. Suppose 4*m - 1452 = 4*x, j*x + 487 + 602 = 3*m. What is the units digit of m?
3
Let h(s) be the second derivative of 3*s**2 + 18*s - 2/3*s**4 + 0 - 1/20*s**5 - 11/6*s**3. What is the tens digit of h(-8)?
9
Let s = -31 - -57. Suppose 15022 = -12*o + s*o. What is the hundreds digit of o?
0
Let g(i) = 81*i**3 - 13*i**2 + 69*i - 22. What is the units digit of g(4)?
0
Let m(b) = 2*b**3 + 6*b**2 - 3*b - 15. Let n be (-234)/(-60) - 6/(-60). What is the tens digit of m(n)?
9
Let b(t) = 11*t**2 - 36*t - 21. What is the units digit of b(4)?
1
Suppose -4*a + 256 = 3*y + y, -5*y + 3*a = -296. Let g(p) = 66*p - 751. Let s be g(13). Let h = s + y. What is the units digit of h?
8
Let i = 22522 + -6109. What is the units digit of i?
3
Let x = 40 - 40. What is the units digit of (x/(-5) - -16) + 4?
0
Suppose 20*f + 5750 = 15*f. What is the tens digit of 8/(-28) - f/7?
6
Suppose 0 = -5*y + 5, 44*t - 46*t = 4*y - 304. What is the tens digit of t?
5
Let h = -16103 + 57652. What is the ten thousands digit of h?
4
Let i be ((-40)/(-10))/((-2)/(-3)). Suppose 2*x + 5 = 17. Suppose -36 + i = -x*p. What is the units digit of p?
5
Let c(x) = -x**2 + 59. Let b be c(8). What is the units digit of (-788)/(1 + b) - -4?
1
Suppose 167 = -l + 2*o, 2*o = 5*o + 3. Let j = l + -11. What is the hundreds digit of j*((-4)/20 - 1)?
2
Suppose 14*d = 2*m + 11*d - 13, 2*m - 16 = 4*d. Suppose 0*k + 12 = 4*k. Suppose -3*y = -2*i + 128, -m*i + y = -k*i + 69. What is the tens digit of i?
6
Suppose 2*d + 24 = 5*j, 3*j + 5*d - 6 = -j. Suppose -3*x + j = -2*x. Suppose x*b = 5*z + 235, 4*z = 2*b - 3*b + 85. What is the units digit of b?
5
Let i(j) = 2*j - 3. Let f be i(-6). Let r be ((-140)/f)/2*-3. Let h = 77 + r. What is the units digit of h?
3
What is the tens digit of (-8)/14*(-56379792)/672?
4
Suppose 3*z - 4*q = 6307 + 87952, -z + q + 31422 = 0. What is the thousands digit of z?
1
Suppose -28*z - 13968 = -46*z. Let p = -276 + z. What is the hundreds digit of p?
5
Let m = 1897 + 1143. What is the tens digit of m?
4
Let z = -1 + -3. Let u(t) = 2*t**2 + 10*t + 10. Let m be u(z). Suppose 0 = 2*k + 5*q - 363, 0 = 5*k - 0*q - m*q - 951. What is the units digit of k?
9
Let w(s) = 6 + 13*s + 16 + 2*s**2 + 4 - 5. What is the units digit of w(-9)?
6
Let d = -98443 - -138131. What is the tens digit of d?
8
Suppose 5*r + 132 = -n + 1885, -5*n + 4*r + 8620 = 0. Suppose 11*f - n = 3*f. Suppose 5*l - f - 924 = 0. What is the units digit of l?
8
Let h = -18416 + 29655. What is the tens digit of h?
3
Let k(n) = -41572*n + 847. What is the units digit of k(-2)?
1
Let k = -18 - -168. Let a = k - 60. What is the units digit of a?
0
Let q = -149 - -621. Suppose 2*y + 368 = 3*u, -4*y + q = 4*u - 2*y. What is the tens digit of u?
2
Suppose 0 = 11*h + 332 - 3874. Suppose -h*o = -316*o - 4974. What is the hundreds digit of o?
8
What is the units digit of (192/9)/(36/108)*19*5?
0
Suppose -190 = -7*p + 125. What is the tens digit of (-18)/p + (-1026)/(-15) - 4?
6
Let o be 50/((-3)/((-720)/6)). Suppose 0 = -5*l - 3*m + 1282 + o, -l = 5*m - 674. What is the hundreds digit of l?
6
Let a(v) = -6*v + 43. Let k be -2 - (0 - (24 - -2)). Let t be (51/k*2)/((-1)/4). What is the hundreds digit of a(t)?
1
Suppose 10*p - 1140 = -0*p. Suppose -111*v - p = -117*v. What is the units digit of v?
9
Suppose -4*d + 6021 = u, -5*d - 73*u + 74*u = -7533. What is the tens digit of d?
0
Let r = -1781 - -2504. Suppose 5*a = c + 847 + 68, -4*a - c + r = 0. Let w = a - 106. What is the tens digit of w?
7
What is the units digit of (2 + 1394)*(-3186)/(-216)?
1
Suppose 12*w = 137912 - 50900. Suppose w = 19*r - 18836. What is the thousands digit of r?
1
Suppose -67 = -15*c + 8. Suppose r - 5*z - 80 = 33, c*r - 5*z = 525. What is the units digit of r?
3
Let a(f) = 3*f**2 - 22*f + 9. Let m be a(8). What is the tens digit of 35/m - 1 - 58/(-5)?
1
Let r = 504 - 234. Suppose 554 = -4*l - r. Let z = l + 366. What is the tens digit of z?
6
Let t = 22 - 51. Let v = -31 - t. What is the units digit of (-2)/(4 + v) - -40?
9
Let t = 4465 - -19510. What is the tens digit of t?
7
Let z = 56 + -53. Suppose 133 = 2*f + x - 72, 5*x = -z*f + 304. Suppose 4*b - 739 = -f. What is the units digit of b?
9
Suppose 2*y = -3*x + 2*x - 7, -27 = 5*x + 2*y. Let q(b) = -101*b - 15. Let j be q(x). Suppose -11*r = -6*r - j. What is the units digit of r?
8
Let b = -1020 - -5104. What is the t